(-18) - (-206)/318). Suppose -5*l + 93 = -2*a, 5*a = 3*l + a - v. Is l a composite number?
False
Let b = -713 - -4400. Suppose -4*o + b + 183 = d, 2 = d. Is o a composite number?
False
Let i(h) = -1015*h + 54. Is i(-1) a prime number?
True
Let p(c) = c**2 + 4*c - 3. Let b be p(-5). Let v be (-4)/((-7)/(21/6)). Suppose -4*s = -b*o - 302, -v*o - 83 = -s + o. Is s a prime number?
False
Let g = 15 + -10. Suppose g*u + 1 = t + 3, -2*t = -u - 5. Suppose -t*a + 134 + 133 = 0. Is a composite?
False
Let x(c) = -c - 1. Let m be x(-5). Suppose r = -0*r - m. Let u = r - -23. Is u a prime number?
True
Let j(m) = 74*m**2 - 3*m - 3. Let q be j(3). Suppose q - 36 = 2*d - 2*a, 2*a - 1224 = -4*d. Is d a prime number?
True
Let w = -26 - -34. Let p(f) = 38*f**2 - 9*f + 51. Is p(w) a prime number?
True
Suppose 4*l = -b + 77, -3*l = -2*l. Is b a composite number?
True
Suppose -146536 = 3*t - 11*t. Suppose 7*b = -6*b + t. Is b prime?
True
Let k be 14/6 - 16/(-24). Suppose 0 = -k*l + 17 - 2. Suppose -l*p = j - 27 - 119, 3*j = 4*p + 495. Is j composite?
True
Let a = -9 - -15. Let u be 11/((a/27)/(-2)). Is (-20317)/u - 4/18 a prime number?
False
Let j = 1116 + -597. Is j a composite number?
True
Let g = 1878 - 3652. Let x = -789 - g. Is x composite?
True
Is 709/(((-10)/38)/(-5)) a composite number?
True
Suppose 20*f - 23*f = -20283. Is f composite?
False
Let r = -38293 - -91000. Is r a composite number?
True
Suppose 38851 = 5*s - 0*o - 4*o, 4*s - 31082 = 2*o. Is s a composite number?
True
Let c(u) = 3*u**2 - u - 1. Let p be c(-1). Suppose 10*b = p*b + 280. Suppose -125 = -k - b. Is k prime?
False
Suppose -225171 - 180723 = -6*j. Is j a prime number?
False
Is 5871 + -1 - 21/(-35)*5 a composite number?
True
Let k = 27 + -18. Suppose 0*o = 5*b - 2*o - 124, 3*o - k = 0. Is b prime?
False
Suppose 2*t = 2 - 0. Is (12680/32)/(t/4) prime?
False
Let g(a) = -a**3 + 8*a**2 - 8*a - 1. Let i be g(7). Let b(d) = 8*d**2 + 17*d + 3. Is b(i) composite?
False
Let c(y) be the second derivative of y**5/15 - y**4/4 - y**3/6 + y**2 + y. Let u(z) be the first derivative of c(z). Is u(5) composite?
True
Let i(p) = 11*p**2 - 31*p - 33. Is i(-32) prime?
False
Let z(p) = 12*p + 8. Let y be z(8). Let n = -60 + y. Let w = n + -23. Is w prime?
False
Let v(z) = -7*z**3 + 4*z**2 + 2*z + 6. Let d be v(7). Let i = -1308 - d. Is i a prime number?
True
Let n(c) = 345*c - 34. Is n(5) a composite number?
True
Let x(f) be the third derivative of -f**7/840 + f**6/60 + f**5/40 - f**4/8 + 5*f**3/6 + f**2. Let c(k) be the first derivative of x(k). Is c(5) a prime number?
True
Let p = 13 + -6. Suppose 0 = u + 3*i + 4, -u + 5*i = -p - 5. Suppose 3*s + 200 = n, -u*s + 3*s = -3. Is n a prime number?
True
Suppose -10*j - 31592 = 738. Let t = -2275 - j. Is t composite?
True
Suppose 21 = 3*l + 9. Let w be l/(-26) - 524/(-26). Suppose 358 - w = 2*z. Is z a composite number?
True
Suppose 28*p = 24*p + 32836. Is p prime?
True
Let l = 6 - -6. Let p = l + -9. Suppose 0*z + 879 = p*z. Is z a composite number?
False
Suppose 0 = -11*i + 6*i + 5515. Suppose 1652 = 3*o + h, 2*o - 3*h - i = -2*h. Is o a prime number?
False
Suppose 996 = 17*x - 3934. Suppose 2*a + 3*a = 10. Is x + ((-5)/(-1) - a) a prime number?
True
Suppose 2*s = -y - 562, -4*s - 2*y - 2*y = 1132. Let l = s + 466. Suppose t = l - 24. Is t composite?
False
Suppose -8*d + 7077 = 13*d. Is d composite?
False
Let i(y) = -21*y - 3. Let g be i(-3). Suppose -j - g = -4*j. Let r = -10 + j. Is r a composite number?
True
Suppose 5*j - 2*w + 638 = 7*j, 2*j + 3*w - 640 = 0. Is j a composite number?
False
Suppose -b - 3*i + 0*i = -1070, 4*b - 4247 = -i. Is b prime?
True
Let g(w) = 6*w**2 + 4*w - 8. Let n be g(-4). Suppose 0 = -3*p + 39 + n. Is p composite?
False
Let x = 9 - -5. Suppose -x*g + 11265 = 1549. Is g prime?
False
Let b be 34/6*(-18)/(-6). Let a = b - 23. Is (-1)/((-2)/a) - -29 prime?
False
Let v(k) = -4*k**3 - 2*k - 1. Let a be v(-1). Suppose -4*b + 3*l + 1344 = -l, -2*l + 1687 = a*b. Is b prime?
True
Let m(v) = v**2 + 14*v - 70. Is m(-43) a prime number?
False
Let p = 2751 - -3218. Is p prime?
False
Let x(m) = 5*m**2 + 66*m**3 - m**2 + 7 + 0*m - 6*m**2 - 4*m. Is x(2) composite?
True
Suppose 17*j + 8 = 19*j. Suppose 2*n + 5*z - 11504 = 0, -2*z = n - j*z - 5743. Is n a composite number?
True
Suppose 0 = -u + 3, -2*i - 4*u - 37193 = -7*i. Is i a composite number?
True
Let b(z) = -62*z**3 + 3*z - 14. Is b(-5) prime?
False
Let n(x) = -65*x**3 - 2*x**2 - 3*x - 4. Let l be 1 + -2 + (-1 - 0). Is n(l) composite?
True
Is 128/960 - (-1880563)/15 prime?
True
Let v(i) = -i**3 + 9*i**2 - 11*i - 2. Let p be v(10). Let u = p - -733. Is u composite?
False
Let h = 18268 - 4139. Is h prime?
False
Let g = 23451 + -6832. Is g composite?
False
Suppose 0 = -4*j - 4 + 36. Suppose -1409 = 3*c - j*c - 3*a, 0 = -4*c - 2*a + 1128. Suppose -6*v - 4*y = -5*v - c, -v + 284 = 3*y. Is v prime?
False
Let t(g) = 7*g - 10. Let z be t(10). Let i = 299 - z. Is i prime?
True
Suppose -13*a + 12*a = -3*i + 17860, a = -1. Is i composite?
False
Suppose 42 - 1427 = -h - 2*z, 2*z = -4*h + 5528. Is h prime?
True
Suppose -2*w = -3*h - 10, 0 = -h + 5*h + 8. Is 1002/4 - (-1)/w a prime number?
True
Suppose 0 = 2*l, c = -0*c + l - 499. Let r = -294 - c. Is r prime?
False
Suppose 3*m + 12 = -4*h, -2*h + 5*m = -0*h - 20. Suppose j - 3*y - 109 = h, -4*j = j - 4*y - 501. Is j a composite number?
False
Let t(w) = 31*w**2 - 2*w. Suppose -l + 3*k + 13 = 0, 18 = 2*l - l - 4*k. Let z = l + 1. Is t(z) prime?
False
Let s(q) be the second derivative of 1/6*q**3 + 6*q - 5/12*q**4 + 1/5*q**5 + 5/2*q**2 + 0. Is s(4) composite?
True
Suppose 4*z - 3 = 5. Let i(o) = 24*o**3 + 3*o**2 - 11*o + 11. Let l(v) = -12*v**3 - v**2 + 5*v - 5. Let m(g) = -2*i(g) - 5*l(g). Is m(z) a composite number?
False
Let p = 5903 - 3992. Suppose -3*x + p + 8652 = 0. Is x a prime number?
False
Let n(p) = 2*p - 12. Let h be n(8). Suppose -a - 756 = -5*a + h*x, 0 = 2*a - x - 378. Let d = a - 78. Is d composite?
True
Suppose 16 = 6*g - 2*g. Suppose -15 = -5*m, -m - g*m = 5*o - 4035. Is ((-1)/2)/((-6)/o) a prime number?
True
Suppose -3*n + n + 4*y = -80, 0 = 4*n - 4*y - 140. Suppose 3*l - n = 183. Suppose -o + h = -32, -3*h + l + 3 = 2*o. Is o composite?
True
Let b = 186 + 709. Let c = 2082 - b. Is c prime?
True
Let p = 37 - 33. Is (11/((-198)/(-636)))/(p/6) a composite number?
False
Suppose 3*f = 2*n - 6, 0 = 2*f + 8. Let u(p) = -24*p + 1. Let r(j) = -j. Let s(k) = 4*r(k) + u(k). Is s(n) a composite number?
True
Let w = -2690 - -14991. Is w composite?
False
Is -3734*(-5 - 38/(-8))*10 a composite number?
True
Let w(h) = h**3 - 11*h**2 - 16*h + 19. Let p = -13 - -26. Is w(p) prime?
True
Is (-3 - -14 - 22) + 170638 a composite number?
False
Suppose -20*i + 10167 = -17*i. Is i a prime number?
True
Let v(y) = 392*y**3 - 3*y**2 + 3*y - 7. Is v(3) a prime number?
True
Suppose -5*v + 0*v = 35. Is (v - -9) + -1 + 372 composite?
False
Let v be 3 - (4 + -1 - 8). Let i(z) = z**3 - 8*z**2 + 9*z + 2. Is i(v) a composite number?
True
Suppose -35*h = -165456 - 172259. Is h a composite number?
False
Let i(m) = -m**3 - 34*m**2 - 42*m + 93. Is i(-36) prime?
False
Let o(p) = p**3 + 22*p**2 + 21*p + 34. Is o(-19) a prime number?
False
Suppose -4*z - z + 24 = 3*t, 6 = 3*t - z. Suppose -7*i + 4*d = -2*i - 23102, t*d - 23081 = -5*i. Is i a composite number?
True
Let m(g) = 7*g**3 + 2*g**2 + 4. Suppose -j - s = -2*s - 5, 3*j - 7 = -5*s. Let h be m(j). Suppose -h = c - 5*c. Is c a composite number?
True
Suppose -u - 1 = -3*y, -y = -2*u + 5*u - 27. Is (62/4)/(4/u) a composite number?
False
Let o = -62 + 100. Suppose 0 = 2*m + 4*c - 66, -56 = 4*m + 3*c - 208. Let v = o + m. Is v a composite number?
False
Suppose 5*u = -u + 4896. Let x = u - 323. Is x a composite number?
True
Let g(h) = 79*h - 70. Is g(21) a composite number?
True
Suppose 32*a - 4094 = 9*a. Is a composite?
True
Let u(l) = 84*l**3 - 2*l**2 - 5*l + 2. Is u(3) prime?
True
Let m(k) = 115*k**2 + 15*k + 11. Is m(-6) a prime number?
False
Let v(a) = a**3 - 2 + 7 + 17*a - 8*a**2 + 0 + 26*a**2. Let p be v(-17). Suppose 0 = p*m - 0*m - 1005. Is m a composite number?
True
Suppose 24742 = 4*j + 4322. Is j composite?
True
Let n(a) = -5*a**3 - 2*a**2 + a + 1. Let y = 10 - 12. Is n(y) a prime number?
True
Let g = -195 + 32. Let u